{"id":284,"date":"2024-05-29T14:39:14","date_gmt":"2024-05-29T14:39:14","guid":{"rendered":"http:\/\/www.temizcevre.org\/?page_id=284"},"modified":"2024-05-29T14:44:15","modified_gmt":"2024-05-29T14:44:15","slug":"uyelik","status":"publish","type":"page","link":"https:\/\/temizcevre.org\/?page_id=284","title":{"rendered":"\u00dcyelik"},"content":{"rendered":"\n<p><strong>Temiz \u00c7evre Derne\u011fi \u00dcyelik Formu<\/strong><\/p>\n\n\n\n<p>Posta ile yap\u0131lan orijinal imzal\u0131 dilek\u00e7eler kabul edilecektir.<\/p>\n\n\n\n<p>Dilek\u00e7eyi a\u015fa\u011f\u0131daki ba\u011flant\u0131dan indirebilirsiniz.<\/p>\n\n\n\n<div data-wp-interactive=\"core\/file\" class=\"wp-block-file\"><object data-wp-bind--hidden=\"!state.hasPdfPreview\" hidden class=\"wp-block-file__embed\" data=\"http:\/\/www.temizcevre.org\/wp-content\/uploads\/2024\/05\/Dernek_Uye_Formu.pdf\" type=\"application\/pdf\" style=\"width:100%;height:660px\" aria-label=\"Dernek_Uye_Formu g\u00f6m\u00fcs\u00fc.\"><\/object><a id=\"wp-block-file--media-edb850d8-b8b8-42e3-90bd-a874ddabc122\" href=\"http:\/\/www.temizcevre.org\/wp-content\/uploads\/2024\/05\/Dernek_Uye_Formu.pdf\">Dernek_Uye_Formu<\/a><a href=\"http:\/\/www.temizcevre.org\/wp-content\/uploads\/2024\/05\/Dernek_Uye_Formu.pdf\" class=\"wp-block-file__button wp-element-button\" download aria-describedby=\"wp-block-file--media-edb850d8-b8b8-42e3-90bd-a874ddabc122\">\u0130ndir<\/a><\/div>\n\n\n\n<p><\/p>\n\n\n\n<p><strong>Yaz\u0131\u015fma Adresimiz:<\/strong> <\/p>\n\n\n\n<p>Bay\u0131nd\u0131r mh. 334 sk. Nilhabe\u015f Apt. N:10\/4 Muratpa\u015fa Antalya<\/p>\n\n\n\n<p>\u0130nfo@temizcevre.org<\/p>\n","protected":false},"excerpt":{"rendered":"<p>Temiz \u00c7evre Derne\u011fi \u00dcyelik Formu Posta ile yap\u0131lan orijinal imzal\u0131 dilek\u00e7eler kabul edilecektir. Dilek\u00e7eyi a\u015fa\u011f\u0131daki ba\u011flant\u0131dan indirebilirsiniz. Yaz\u0131\u015fma Adresimiz: Bay\u0131nd\u0131r mh. 334 sk. Nilhabe\u015f Apt. N:10\/4 Muratpa\u015fa Antalya \u0130nfo@temizcevre.org<\/p>\n","protected":false},"author":1,"featured_media":0,"parent":0,"menu_order":0,"comment_status":"closed","ping_status":"closed","template":"","meta":{"magazine_newspaper_sidebar_layout":"","footnotes":""},"class_list":["post-284","page","type-page","status-publish","hentry"],"_links":{"self":[{"href":"https:\/\/temizcevre.org\/index.php?rest_route=\/wp\/v2\/pages\/284","targetHints":{"allow":["GET"]}}],"collection":[{"href":"https:\/\/temizcevre.org\/index.php?rest_route=\/wp\/v2\/pages"}],"about":[{"href":"https:\/\/temizcevre.org\/index.php?rest_route=\/wp\/v2\/types\/page"}],"author":[{"embeddable":true,"href":"https:\/\/temizcevre.org\/index.php?rest_route=\/wp\/v2\/users\/1"}],"replies":[{"embeddable":true,"href":"https:\/\/temizcevre.org\/index.php?rest_route=%2Fwp%2Fv2%2Fcomments&post=284"}],"version-history":[{"count":4,"href":"https:\/\/temizcevre.org\/index.php?rest_route=\/wp\/v2\/pages\/284\/revisions"}],"predecessor-version":[{"id":290,"href":"https:\/\/temizcevre.org\/index.php?rest_route=\/wp\/v2\/pages\/284\/revisions\/290"}],"wp:attachment":[{"href":"https:\/\/temizcevre.org\/index.php?rest_route=%2Fwp%2Fv2%2Fmedia&parent=284"}],"curies":[{"name":"wp","href":"https:\/\/api.w.org\/{rel}","templated":true}]}}